{"id":20,"date":"2016-02-01T12:39:02","date_gmt":"2016-02-01T12:39:02","guid":{"rendered":"https:\/\/sustentabilidad.org.ar\/es\/?page_id=20"},"modified":"2021-12-10T18:04:36","modified_gmt":"2021-12-10T18:04:36","slug":"director","status":"publish","type":"page","link":"https:\/\/sustentabilidad.org.ar\/es\/director\/","title":{"rendered":"Director"},"content":{"rendered":"<div class=\"row\">\n<div class=\"span12\">\n<div class=\"how-we-can-help-wrap\">\n<figure class=\"thumbnail alignnone clearfix\">\n<div class=\"row-fluid\">\n<div class=\"clear\"><\/div>\n<p style=\"margin: 0px 11px 11px 11px\"><span style=\"font-size: 12pt; color:#444444\"><img loading=\"lazy\" decoding=\"async\" class=\"size-full wp-image-146 alignleft\" alt=\"foto002\" src=\"https:\/\/sustentabilidad.org.ar\/es\/wp-content\/uploads\/2021\/12\/foto001.jpg\" width=\"350\" height=\"410\" \/><b>Miguel Angel Gardetti<\/b>. Es Doctor con especializaci\u00f3n en Gesti\u00f3n Ambiental (California Miramar University, USA) habiendo realizado previamente dos maestr\u00edas: la primera en Administraci\u00f3n de Empresas en el IAE Business School (Universidad Austral, Argentina) y la segunda en Estudios Ambientales y Desarrollo Sustentable en la Universidad de Ciencias Empresariales y Sociales (Argentina).<\/span><\/p>\n<p style=\"margin: 11px\"><span style=\"font-size: 12pt; color:#444444\">Es director del Instituto de Estudios para la Sustentabilidad Corporativa (IESC) desde su fundaci\u00f3n en el a\u00f1o 2002 y se desempe\u00f1a tambi\u00e9n como director del profesor titular en programas de posgrado y en maestr\u00edas tanto a nivel nacional, como en el exterior. Ha capacitado en marcos de educaci\u00f3n ejecutiva y de programas \u00abin house\u00bb a CEOs y Gerentes Corporativos tanto de empresas nacionales como de multinacionales en Argentina y Latinoam\u00e9rica. En el marco del World Business Council for Sustainable Development con sede en Suiza viene capacit\u00f3 -por el t\u00e9rmino de cuatro a\u00f1os- a empresas latinoamericanas asociadas a dicha organizaci\u00f3n en temas de sustentabilidad y de negocios inclusivos. Tiene publicados m\u00e1s de 8 libros en temas relacionados a la sustentabilidad empresarial estrat\u00e9gica, de los cuales 5 se han editado en Estados Unidos e Inglaterra.<\/span><\/p>\n<p style=\"margin: 11px\"><span style=\"font-size: 12pt; color:#444444\">Es miembro activo del Pacto Mundial en Argentina y ha integrado en dos oportunidades su \u00f3rgano de gobierno -la Mesa Directiva de la Red Argentina. Tambi\u00e9n ha sido miembro de la \u201ctaskforce\u201d que desarroll\u00f3 los \u201cPrincipios para una Educaci\u00f3n Responsable en Management\u201d en el marco del Pacto Global de Naciones Unidas.<\/span><\/p>\n<p style=\"margin: 11px\"><span style=\"font-size: 12pt; color:#444444\">Por sus 20 a\u00f1os de estudio e investigaci\u00f3n y por sus aportes acad\u00e9micos en esta \u00e1rea, fue premiado \u2013en Febrero de 2015 en Bombay (India)- con el \u201cSustainable Leadership Award\u201d.<\/span><\/p>\n<\/div>\n<\/figure>\n<\/div>\n<\/div>\n<\/div>\n","protected":false},"excerpt":{"rendered":"<p>Miguel Angel Gardetti. Es Doctor con especializaci\u00f3n en Gesti\u00f3n Ambiental (California Miramar University, USA) habiendo realizado previamente dos maestr\u00edas: la primera en Administraci\u00f3n de Empresas en el IAE Business School (Universidad Austral, Argentina) y la segunda en Estudios Ambientales y Desarrollo Sustentable en la Universidad de Ciencias Empresariales y Sociales (Argentina). Es director del Instituto de Estudios para la Sustentabilidad&nbsp;<a href=\"https:\/\/sustentabilidad.org.ar\/es\/director\/\" class=\"read-more\">Seguir leyendo<\/a><\/p>\n","protected":false},"author":2,"featured_media":0,"parent":0,"menu_order":0,"comment_status":"closed","ping_status":"closed","template":"page-fullwidth.php","meta":{"footnotes":""},"class_list":["post-20","page","type-page","status-publish","hentry"],"_links":{"self":[{"href":"https:\/\/sustentabilidad.org.ar\/es\/wp-json\/wp\/v2\/pages\/20"}],"collection":[{"href":"https:\/\/sustentabilidad.org.ar\/es\/wp-json\/wp\/v2\/pages"}],"about":[{"href":"https:\/\/sustentabilidad.org.ar\/es\/wp-json\/wp\/v2\/types\/page"}],"author":[{"embeddable":true,"href":"https:\/\/sustentabilidad.org.ar\/es\/wp-json\/wp\/v2\/users\/2"}],"replies":[{"embeddable":true,"href":"https:\/\/sustentabilidad.org.ar\/es\/wp-json\/wp\/v2\/comments?post=20"}],"version-history":[{"count":9,"href":"https:\/\/sustentabilidad.org.ar\/es\/wp-json\/wp\/v2\/pages\/20\/revisions"}],"predecessor-version":[{"id":60,"href":"https:\/\/sustentabilidad.org.ar\/es\/wp-json\/wp\/v2\/pages\/20\/revisions\/60"}],"wp:attachment":[{"href":"https:\/\/sustentabilidad.org.ar\/es\/wp-json\/wp\/v2\/media?parent=20"}],"curies":[{"name":"wp","href":"https:\/\/api.w.org\/{rel}","templated":true}]}}

<div class="row">
<div class="span12">
<div class="how-we-can-help-wrap">
<figure class="thumbnail alignnone clearfix">
<div class="row-fluid">
<div class="clear"></div>
<p style="margin: 0px 11px 11px 11px"><span style="font-size: 12pt; color:#444444"><img loading="lazy" decoding="async" class="size-full wp-image-146 alignleft" alt="foto002" src="https://sustentabilidad.org.ar/es/wp-content/uploads/2021/12/foto001.jpg" width="350" height="410" /><b>Miguel Angel Gardetti</b>. Es Doctor con especialización en Gestión Ambiental (California Miramar University, USA) habiendo realizado previamente dos maestrías: la primera en Administración de Empresas en el IAE Business School (Universidad Austral, Argentina) y la segunda en Estudios Ambientales y Desarrollo Sustentable en la Universidad de Ciencias Empresariales y Sociales (Argentina).</span></p>
<p style="margin: 11px"><span style="font-size: 12pt; color:#444444">Es director del Instituto de Estudios para la Sustentabilidad Corporativa (IESC) desde su fundación en el año 2002 y se desempeña también como director del profesor titular en programas de posgrado y en maestrías tanto a nivel nacional, como en el exterior. Ha capacitado en marcos de educación ejecutiva y de programas «in house» a CEOs y Gerentes Corporativos tanto de empresas nacionales como de multinacionales en Argentina y Latinoamérica. En el marco del World Business Council for Sustainable Development con sede en Suiza viene capacitó -por el término de cuatro años- a empresas latinoamericanas asociadas a dicha organización en temas de sustentabilidad y de negocios inclusivos. Tiene publicados más de 8 libros en temas relacionados a la sustentabilidad empresarial estratégica, de los cuales 5 se han editado en Estados Unidos e Inglaterra.</span></p>
<p style="margin: 11px"><span style="font-size: 12pt; color:#444444">Es miembro activo del Pacto Mundial en Argentina y ha integrado en dos oportunidades su órgano de gobierno -la Mesa Directiva de la Red Argentina. También ha sido miembro de la “taskforce” que desarrolló los “Principios para una Educación Responsable en Management” en el marco del Pacto Global de Naciones Unidas.</span></p>
<p style="margin: 11px"><span style="font-size: 12pt; color:#444444">Por sus 20 años de estudio e investigación y por sus aportes académicos en esta área, fue premiado –en Febrero de 2015 en Bombay (India)- con el “Sustainable Leadership Award”.</span></p>
</div>
</figure>
</div>
</div>
</div>

<p>Miguel Angel Gardetti. Es Doctor con especialización en Gestión Ambiental (California Miramar University, USA) habiendo realizado previamente dos maestrías: la primera en Administración de Empresas en el IAE Business School (Universidad Austral, Argentina) y la segunda en Estudios Ambientales y Desarrollo Sustentable en la Universidad de Ciencias Empresariales y Sociales (Argentina). Es director del Instituto de Estudios para la Sustentabilidad&nbsp;<a href="https://sustentabilidad.org.ar/es/director/" class="read-more">Seguir leyendo</a></p>
