{"id":204,"date":"2023-11-29T18:55:44","date_gmt":"2023-11-29T18:55:44","guid":{"rendered":"https:\/\/sustentabilidad.org.ar\/es\/?page_id=204"},"modified":"2023-11-29T23:13:54","modified_gmt":"2023-11-29T23:13:54","slug":"pacto-y-prme","status":"publish","type":"page","link":"https:\/\/sustentabilidad.org.ar\/es\/pacto-y-prme\/","title":{"rendered":"PACTO y PRME"},"content":{"rendered":"<div class=\"row\">\n<div class=\"span12\">\n<div class=\"how-we-can-help-wrap\">\n<figure class=\"thumbnail alignnone clearfix\">\n<div class=\"row-fluid\">\n<div class=\"clear\"><\/div>\n<p style=\"margin: 11px \"><span style=\"font-size: 12pt; color:#444444\">El <b>Instituto de Estudios para la Sustentabilidad Corporativa<\/b> ha adherido a los principios del Pacto Global en Abril de 2004. Previamente particip\u00f3 -activamente- del denominado \u201cGrupo Promotor\u201d, grupo compuesto por organizaciones de diferente \u00edndole para crear el Pacto en la Argentina. Particip\u00f3 adem\u00e1s \u2013como miembro titular\u2013 de la Mesa Directiva de la Red Argentina del Pacto Global por dos per\u00edodos consecutivos (2005-2006 y 2007-2008).<\/span><\/p>\n<p style=\"margin: 11px \"><span style=\"font-size: 12pt; color:#444444\">Por otro lado, una fuerza de trabajo de 50 reconocidos acad\u00e9micos en el mundo pertenecientes a las m\u00e1s importantes Escuelas de Negocios de procedencia diversa, desarrollaron los PRME \u2013 Principios de Educaci\u00f3n Responsable en Managemet. Estos Principios fueron presentados a la comunidad empresarial en la Ginebra Global Compact Leaders Summit el 5 y 6 de Julio de 2007 por el Secretario General de la Organizaci\u00f3n de las Naciones Unidas de aqu\u00e9l momento, Sr. Ban Ki-Moon. La Red Argentina del Pacto Global particip\u00f3 de esta \u201ctaskforce\u201d a trav\u00e9s del <b>Instituto de Estudios para la Sustentabilidad Corporativa<\/b>, instituci\u00f3n que adhiri\u00f3 a estos principios en Junio de 2008.<\/span><\/p>\n<p style=\"margin: 11px \"><span style=\"font-size: 12pt; color:#444444\">Luego de 20 a\u00f1os de trabajo consecutivo el <b>Instituto de Estudios para la Sustentabilidad Corporativa<\/b> considera que -en ambas iniciativas- ha cumplido una etapa laboriosa en pos de verdaderos valores universales.<\/span><\/p>\n<\/figure>\n<\/div>\n<\/div>\n<\/div>\n","protected":false},"excerpt":{"rendered":"<p>El Instituto de Estudios para la Sustentabilidad Corporativa ha adherido a los principios del Pacto Global en Abril de 2004. Previamente particip\u00f3 -activamente- del denominado \u201cGrupo Promotor\u201d, grupo compuesto por organizaciones de diferente \u00edndole para crear el Pacto en la Argentina. Particip\u00f3 adem\u00e1s \u2013como miembro titular\u2013 de la Mesa Directiva de la Red Argentina del Pacto Global por dos per\u00edodos&nbsp;<a href=\"https:\/\/sustentabilidad.org.ar\/es\/pacto-y-prme\/\" class=\"read-more\">Seguir leyendo<\/a><\/p>\n","protected":false},"author":2,"featured_media":0,"parent":0,"menu_order":0,"comment_status":"closed","ping_status":"closed","template":"page-fullwidth.php","meta":{"footnotes":""},"class_list":["post-204","page","type-page","status-publish","hentry"],"_links":{"self":[{"href":"https:\/\/sustentabilidad.org.ar\/es\/wp-json\/wp\/v2\/pages\/204"}],"collection":[{"href":"https:\/\/sustentabilidad.org.ar\/es\/wp-json\/wp\/v2\/pages"}],"about":[{"href":"https:\/\/sustentabilidad.org.ar\/es\/wp-json\/wp\/v2\/types\/page"}],"author":[{"embeddable":true,"href":"https:\/\/sustentabilidad.org.ar\/es\/wp-json\/wp\/v2\/users\/2"}],"replies":[{"embeddable":true,"href":"https:\/\/sustentabilidad.org.ar\/es\/wp-json\/wp\/v2\/comments?post=204"}],"version-history":[{"count":2,"href":"https:\/\/sustentabilidad.org.ar\/es\/wp-json\/wp\/v2\/pages\/204\/revisions"}],"predecessor-version":[{"id":207,"href":"https:\/\/sustentabilidad.org.ar\/es\/wp-json\/wp\/v2\/pages\/204\/revisions\/207"}],"wp:attachment":[{"href":"https:\/\/sustentabilidad.org.ar\/es\/wp-json\/wp\/v2\/media?parent=204"}],"curies":[{"name":"wp","href":"https:\/\/api.w.org\/{rel}","templated":true}]}}

<div class="row">
<div class="span12">
<div class="how-we-can-help-wrap">
<figure class="thumbnail alignnone clearfix">
<div class="row-fluid">
<div class="clear"></div>
<p style="margin: 11px "><span style="font-size: 12pt; color:#444444">El <b>Instituto de Estudios para la Sustentabilidad Corporativa</b> ha adherido a los principios del Pacto Global en Abril de 2004. Previamente participó -activamente- del denominado “Grupo Promotor”, grupo compuesto por organizaciones de diferente índole para crear el Pacto en la Argentina. Participó además –como miembro titular– de la Mesa Directiva de la Red Argentina del Pacto Global por dos períodos consecutivos (2005-2006 y 2007-2008).</span></p>
<p style="margin: 11px "><span style="font-size: 12pt; color:#444444">Por otro lado, una fuerza de trabajo de 50 reconocidos académicos en el mundo pertenecientes a las más importantes Escuelas de Negocios de procedencia diversa, desarrollaron los PRME – Principios de Educación Responsable en Managemet. Estos Principios fueron presentados a la comunidad empresarial en la Ginebra Global Compact Leaders Summit el 5 y 6 de Julio de 2007 por el Secretario General de la Organización de las Naciones Unidas de aquél momento, Sr. Ban Ki-Moon. La Red Argentina del Pacto Global participó de esta “taskforce” a través del <b>Instituto de Estudios para la Sustentabilidad Corporativa</b>, institución que adhirió a estos principios en Junio de 2008.</span></p>
<p style="margin: 11px "><span style="font-size: 12pt; color:#444444">Luego de 20 años de trabajo consecutivo el <b>Instituto de Estudios para la Sustentabilidad Corporativa</b> considera que -en ambas iniciativas- ha cumplido una etapa laboriosa en pos de verdaderos valores universales.</span></p>
</figure>
</div>
</div>
</div>

<p>El Instituto de Estudios para la Sustentabilidad Corporativa ha adherido a los principios del Pacto Global en Abril de 2004. Previamente participó -activamente- del denominado “Grupo Promotor”, grupo compuesto por organizaciones de diferente índole para crear el Pacto en la Argentina. Participó además –como miembro titular– de la Mesa Directiva de la Red Argentina del Pacto Global por dos períodos&nbsp;<a href="https://sustentabilidad.org.ar/es/pacto-y-prme/" class="read-more">Seguir leyendo</a></p>
