{"id":32,"date":"2016-02-01T12:41:38","date_gmt":"2016-02-01T12:41:38","guid":{"rendered":"https:\/\/sustentabilidad.org.ar\/es\/?page_id=32"},"modified":"2023-11-29T18:34:36","modified_gmt":"2023-11-29T18:34:36","slug":"centro-textil-sustentable","status":"publish","type":"page","link":"https:\/\/sustentabilidad.org.ar\/es\/centro-textil-sustentable\/","title":{"rendered":"Centro Textil Sustentable"},"content":{"rendered":"<style>\n A:link {\n         Color: #444444; TEXT-DECORATION: none\n }\n A:visited {\n\tCOLOR: #444444; TEXT-DECORATION: none\n}\nA:active {\n\tCOLOR: #444444; TEXT-DECORATION: none\n}\nA:hover {\n\tCOLOR: #444444; TEXT-DECORATION: underline\n}\n<\/style>\n<div class=\"row\">\n<div class=\"span12\">\n<div class=\"how-we-can-help-wrap\">\n<figure class=\"thumbnail alignnone clearfix\">\n<div class=\"row-fluid\">\n<div class=\"clear\"><\/div>\n<p style=\"margin: 11px\"><span style=\"font-size: 12pt; color:#444444\">El Instituto de Estudios para la Sustentabilidad Corporativa -perteneciente a la Fundaci\u00f3n de Estudios e Investigaciones Superiores- ha decidido crear, en 2008, el <b>Centro Textil Sustentable (CTS)<\/b>. Este Centro -que est\u00e1 coordinado por Miguel Angel Gardetti- promueve una visi\u00f3n hol\u00edstica, multidimensional y m\u00e1s sustentable del sector textil y de la moda, a trav\u00e9s de la generaci\u00f3n y transferencia de conocimiento, la educaci\u00f3n y el desarrollo de capacidades y de las alianzas estrat\u00e9gicas. Para m\u00e1s informaci\u00f3n <a href=\"https:\/\/ctextilsustentable.org\/es\/\" target=\"_blank\"><b>clickee aqu\u00ed<\/b><\/a>.<\/span><\/p>\n<p align=\"center\"><img decoding=\"async\" src=\"https:\/\/sustentabilidad.org.ar\/es\/wp-content\/uploads\/2023\/11\/LogoEsp01Negro.jpg\"><\/p>\n<\/div>\n<\/figure>\n<\/div>\n<\/div>\n<\/div>\n","protected":false},"excerpt":{"rendered":"<p>El Instituto de Estudios para la Sustentabilidad Corporativa -perteneciente a la Fundaci\u00f3n de Estudios e Investigaciones Superiores- ha decidido crear, en 2008, el Centro Textil Sustentable (CTS). Este Centro -que est\u00e1 coordinado por Miguel Angel Gardetti- promueve una visi\u00f3n hol\u00edstica, multidimensional y m\u00e1s sustentable del sector textil y de la moda, a trav\u00e9s de la generaci\u00f3n y transferencia de conocimiento,&nbsp;<a href=\"https:\/\/sustentabilidad.org.ar\/es\/centro-textil-sustentable\/\" class=\"read-more\">Seguir leyendo<\/a><\/p>\n","protected":false},"author":2,"featured_media":0,"parent":0,"menu_order":0,"comment_status":"closed","ping_status":"closed","template":"page-fullwidth.php","meta":{"footnotes":""},"class_list":["post-32","page","type-page","status-publish","hentry"],"_links":{"self":[{"href":"https:\/\/sustentabilidad.org.ar\/es\/wp-json\/wp\/v2\/pages\/32"}],"collection":[{"href":"https:\/\/sustentabilidad.org.ar\/es\/wp-json\/wp\/v2\/pages"}],"about":[{"href":"https:\/\/sustentabilidad.org.ar\/es\/wp-json\/wp\/v2\/types\/page"}],"author":[{"embeddable":true,"href":"https:\/\/sustentabilidad.org.ar\/es\/wp-json\/wp\/v2\/users\/2"}],"replies":[{"embeddable":true,"href":"https:\/\/sustentabilidad.org.ar\/es\/wp-json\/wp\/v2\/comments?post=32"}],"version-history":[{"count":6,"href":"https:\/\/sustentabilidad.org.ar\/es\/wp-json\/wp\/v2\/pages\/32\/revisions"}],"predecessor-version":[{"id":202,"href":"https:\/\/sustentabilidad.org.ar\/es\/wp-json\/wp\/v2\/pages\/32\/revisions\/202"}],"wp:attachment":[{"href":"https:\/\/sustentabilidad.org.ar\/es\/wp-json\/wp\/v2\/media?parent=32"}],"curies":[{"name":"wp","href":"https:\/\/api.w.org\/{rel}","templated":true}]}}

<style>
 A:link {
         Color: #444444; TEXT-DECORATION: none
 }
 A:visited {
	COLOR: #444444; TEXT-DECORATION: none
}
A:active {
	COLOR: #444444; TEXT-DECORATION: none
}
A:hover {
	COLOR: #444444; TEXT-DECORATION: underline
}
</style>
<div class="row">
<div class="span12">
<div class="how-we-can-help-wrap">
<figure class="thumbnail alignnone clearfix">
<div class="row-fluid">
<div class="clear"></div>
<p style="margin: 11px"><span style="font-size: 12pt; color:#444444">El Instituto de Estudios para la Sustentabilidad Corporativa -perteneciente a la Fundación de Estudios e Investigaciones Superiores- ha decidido crear, en 2008, el <b>Centro Textil Sustentable (CTS)</b>. Este Centro -que está coordinado por Miguel Angel Gardetti- promueve una visión holística, multidimensional y más sustentable del sector textil y de la moda, a través de la generación y transferencia de conocimiento, la educación y el desarrollo de capacidades y de las alianzas estratégicas. Para más información <a href="https://ctextilsustentable.org/es/" target="_blank"><b>clickee aquí</b></a>.</span></p>
<p align="center"><img decoding="async" src="https://sustentabilidad.org.ar/es/wp-content/uploads/2023/11/LogoEsp01Negro.jpg"></p>
</div>
</figure>
</div>
</div>
</div>

<p>El Instituto de Estudios para la Sustentabilidad Corporativa -perteneciente a la Fundación de Estudios e Investigaciones Superiores- ha decidido crear, en 2008, el Centro Textil Sustentable (CTS). Este Centro -que está coordinado por Miguel Angel Gardetti- promueve una visión holística, multidimensional y más sustentable del sector textil y de la moda, a través de la generación y transferencia de conocimiento,&nbsp;<a href="https://sustentabilidad.org.ar/es/centro-textil-sustentable/" class="read-more">Seguir leyendo</a></p>
